)?
3
What is 3 - (-4 - 1 - -12)?
-4
(-1 - -4) + (-6 - -7)
4
What is (-2 - 4) + -14 + 23 - -1?
4
Evaluate 1 - (3 + (4 - 3)) - -11.
8
What is 2 - -2 - (8 - 1)?
-3
0 + (7 - 3) + -6
-2
Evaluate 4 - (-3 + -3 + -1).
11
3 - (4 + 1 - (-11 - -11))
-2
Calculate -8 - (-3 - (6 - 6)).
-5
What is 0 + (-5 + 5 - 1 - 0)?
-1
What is (2 - 1 - 2) + -50 + 49?
-2
What is the value of -5 + (6 - 2) + 4?
3
What is the value of (1 - -2) + -7 + 6 - 4?
-2
What is 5 + -5 + 5 + -2 + -4?
-1
What is the value of 5 - ((-3 - (6 + -2)) + 6)?
6
What is the value of -4 - ((5 - (25 + -5)) + 7)?
4
Calculate -11 + -8 + 12 - -1.
-6
What is the value of (10 - 3) + (0 - 0 - 2)?
5
(-1 - -5) + -8 + 3
-1
Evaluate 0 - (-1 - (3 + 3) - -5).
2
Calculate 1 - (-2 - (-2 + 2)).
3
Evaluate 1 + -1 + -6 + 3 + 3.
0
Calculate -9 - (12 + -13 + -5).
-3
What is 0 - (5 - (-3 - -4))?
-4
(0 - 0) + 3 + 1
4
Evaluate -13 + 10 + 3 + 8 + -1.
7
Calculate 8 + -3 - (8 - 0).
-3
4 + -15 - (2 + -18)
5
(-6 - 1) + (8 + -3 - 0)
-2
What is 8 - (7 + (3 - 5) + -1)?
4
What is 0 + 3 - (27 - 27)?
3
What is 17 + (-10 - -3) + -17?
-7
Evaluate -5 + 0 + (5 - -2) - -7.
9
Evaluate 1 + 5 + (-4 - -2) + -3.
1
Calculate 2 - (-5 + 1 + 8 - 0).
-2
4 - (-16 + 7 + 9)
4
(3 + -4 - 3) + (-2 - -6)
0
1 + -1 + 1 + 0
1
0 + 5 + -2 + -3 + 2
2
1 + -1 + (1 - (0 + 4))
-3
Evaluate -37 + 43 - (1 - 0).
5
What is the value of -14 + 12 + (0 - (5 + -3))?
-4
Calculate -6 + 3 + 2 - -1.
0
Calculate (-5 - 2) + (-2 + 0 - -5).
-4
Calculate -2 - (1 + -2 + 1).
-2
What is -4 - -17 - 6 - 13?
-6
Evaluate -3 + 8 + (-8 - -1).
-2
What is the value of 10 + (-7 - (-5 - (-1 + -1)))?
6
Evaluate -2 - -6 - (3 - 6 - -3).
4
What is the value of 10 - (-1 + 20) - -13?
4
What is the value of (9 - 4 - 7) + -3 + 5?
0
Evaluate -12 + 0 + (52 - 43).
-3
(8 - (-5 - -9)) + -2
2
Calculate -29 + 32 - ((1 - -4) + -1).
-1
Calculate -5 - (-10 + 5 - (-3 + -2)).
-5
What is the value of 1 + 2 + 4 + (-9 - -3)?
1
Calculate (0 - (-3 - -3 - 2)) + -3.
-1
Evaluate (5 - -9) + -9 - (9 - -1).
-5
What is the value of -5 - ((1 - -2) + (0 - 6))?
-2
What is the value of -1 - (-4 + -6 + 4)?
5
What is the value of (2 - 0 - 10) + 3 + 0?
-5
What is the value of 5 - (-21 - -25 - (0 - -7))?
8
What is the value of -3 - (-1 + -3 + 1 - 3)?
3
Evaluate -4 + -4 + 4 - -5.
1
What is -17 + 14 + -8 + -2 - -6?
-7
What is 15 + 2 + -10 + -6?
1
What is -8 - (5 - 14) - 2?
-1
-9 + (25 - (25 - 11))
2
-8 + (10 - (1 + 8))
-7
What is the value of -4 + 1 + (4 - 3)?
-2
What is the value of (31 - 42) + (-3 - -12)?
-2
Calculate 3 + (-9 - (-7 + 9)).
-8
What is the value of 0 - (-2 - 2) - 0?
4
What is 4 + (0 - -2 - 8) + 2?
0
Evaluate -2 + 0 - (-7 - (-11 + 5)).
-1
Calculate 0 + 11 + 6 + -1 + -10.
6
Calculate (7 - 7) + (4 - 3) + 4.
5
What is the value of -9 - (2 + -7 + -2)?
-2
What is (11 - (5 + 6)) + 9?
9
Evaluate -2 + 0 + -2 + 0.
-4
15 - 13 - -5 - (0 + 8)
-1
-9 - (-11 + 9) - 1
-8
What is 3 - (5 - (4 + 1 + 0))?
3
Evaluate (1 - -3) + (2 - 4 - 1).
1
What is -5 - (2 - (3 - -1))?
-3
What is the value of 0 + 2 + -2 - (2 - 4)?
2
Calculate 11 + -5 + (-1 - -1).
6
Calculate 1 + 7 + (-8 - 0 - -7).
7
6 + 1 - (4 + (-2 - -5))
0
What is the value of -1 - ((-12 - -9) + 8) - 3?
-9
What is 2 - (-4 + -5) - 5?
6
What is the value of ((-3 - 5) + 14 - 0) + -2?
4
What is the value of 3 + 0 - (7 + -4)?
0
Evaluate 6 - 10 - -6 - (-1 - -3).
0
Calculate 9 - ((-4 - 1 - -2) + 6).
6
7 - (8 + (-9 - -2)) - 0
6
What is 4 - ((-6 - -11) + 4 + -4)?
-1
What is the value of -5 + 3 - -1 - 3?
-4
Evaluate 6 + -13 - (-3 - -1) - 0.
-5
What is the value of 4 - (5 + -5 + -1 - -1)?
4
What is the value of -2 + (5 - 5) + 5 + -4?
-1
Calculate (-1 + -4 - (-13 - -13)) + 1.
-4
What is (5 - 0) + -32 + 24 - -11?
8
Evaluate (12 - 14) + (0 - -7) + -3.
2
What is 3 + (-7 + -6 - -7) + 2?
-1
What is the value of -8 - ((-6 - (0 - -5)) + 7)?
-4
What is the value of 0 - (5 + -1 + 3 + -6)?
-1
5 + (0 - 3) - (0 - -4)
-2
(-6 - -1) + (3 - 1) + -1
-4
Calculate 1 + (0 + -4 - -8).
5
What is 3 + (9 - 9) + -8?
-5
What is the value of (1 - (-3 - -11)) + (1 - -1)?
-5
What is the value of -2 - 10 - (18 + -37)?
7
(0 - (-1 - 0)) + -3 + -3
-5
Evaluate 10 - (-7 + 3 + 5) - 7.
2
What is 8 + -3 - ((7 - -3) + -7)?
2
8 + (3 - (6 - -1)) - 6
-2
What is -4 - (2 - (-1 + (2 - -3)))?
-2
Evaluate (-1 - 0) + -3 + 3 + 2.
1
Calculate 5 + (4 - (7 + -3)).
5
6 + -3 + -11 + (2 - 1)
-7
Evaluate -2 + -4 + 7 + 2 + -4.
-1
What is 1 - (-4 + 5) - (3 + 1)?
-4
What is the value of 8 + (-17 - -5 - -7)?
3
Evaluate 10 + -13 + 6 - 8.
-5
2 - (-2 + (-2 - -5))
1
What is the value of (-1 + 0 - -2) + 0?
1
2 - 6 - (2 + -2)
-4
What is the value of (-9 - (-11 + 4 + 3)) + 6?
1
Evaluate (-1 - 0) + 5 + -8.
-4
2 - 2 - 3 - (-1 - 1)
-1
Evaluate 9 - (5 - (-28 - -15)).
-9
Calculate 11 + (11 - 14) - 11.
-3
Evaluate (6 + -1 - (11 - 8)) + 2.
4
(1 - -1) + 0 - 1 - 0
1
What is the value of 9 - (6 - -1) - (1 - 1)?
2
What is the value of -1 - -7 - (-12 - -14)?
4
-2 + 2 + (-4 - -8)
4
-6 + 6 + 0 + (1 - 3)
-2
What is the value of 0 - (4 + -3 + 0 + 0)?
-1
1 + 5 + -1 + -1
4
What is the value of 3 + -2 + -2 - (-2 + 4)?
-3
What is the value of -3 + -9 + 9 - (-2 - 3)?
2
Calculate -8 + 16 + -6 - -1.
3
What is -2 + (1 - (-4 + 2))?
1
Calculate 6 + (0 - -2) + -6.
2
What is the value of 6 - (8 - 4) - 2?
0
Calculate -2 + 3 + (-3 - -8) - 3.
3
What is -5 - -1 - -6 - 1 - -3?
4
Calculate 5 - 9 - (-2 - -2).
-4
What is the value of 0 + 4 - -2 - (-63 + 61)?
8
0 - (-10 + 17 - (1 - -2))
-4
18 - ((5 - 9) + 13)
9
Evaluate 4 - ((1 - 3) + 2 - -3).
1
Calculate 12 - (-1 + 4) - 3.
6
What is the value of -6 - -9 - ((-1 - 2) + 10)?
-4
Evaluate 6 + 7 + 0 + -8.
5
-3 - (-5 - (7 + -5))
4
Evaluate -1 - 3 - (-22 - -18).
0
Calculate -1 - (0 - (-1 + 3)).
1
Evaluate 5 + -9 + (6 - 3).
-1
(-3 - (-4 - -10 - 3)) + 4
-2
(-5 - (-5 + 3)) + 2
-1
12 - (-5 - (-13 + 6))
10
-6 + 2 + -4 + 4
-4
What is the value of 4 + -6 - (-1 + -1)?
0
Calculate 4 - (10 - 14) - 2.
6
What is the value of 1 - 5 - (1 + -4 - -4)?
-5
Calculate -5 - (3 + -5) - -4.
1
What is the value of (-1 - -4) + -1 - 0?
2
Evaluate 4 + 5 + -1 + (-2 - 2).
4
Calculate 2 + (-12 - (-14 + 9)).
-5
What is -11 + 5 - 2 - -6?
-2
What is -9 - -6 - (-2 - 3)?
2
Calculate (6 + -3 - 4) + 0 + 1.
0
(0 - 0) + 4 - (4 + -5)
5
What is -2 - -5 - (-11 - -9)?
5
What is 0 + 2 + -2 + (3 - 1)?
2
What is the value of 7 - (11 + 0 - 0)?
-4
Calculate -2 + -1 - (4 - (6 + -1)).
-2
What is the value of (4 - 2 - -1) + -4?
-1
Evaluate -2 + (14 - 8) + -1 + 1.
4
2 - ((-18 - -13) + (-4 - -2))
9
4 + (-3 - 6) + 2 + 6
3
2 - 1 - (5 + -3 + 3)
-4
Evaluate 2 + 0 + -2 + (5 - 1).
4
2 + (-4 + (-5 - -5) - -3)
1
Calculate 0 - 4 - (6 - 7).
-3
8 - 11 - -6 - -3
6
Calculate -18 + 18 + (-1 - -5) + 0.
4
What is the value of -21 + 10 - 0 - -4?
-7
Calculate -8 + 7 + 3 + 4.
6
(7 - 0) + -12 + 1 - 3
-7
Calculate 10 - (-4 - (-4 - 7)) - -1.
4
-10 - (-16 - (4 - 4))
6
What is -5 - (0 + -2 - -1)?
-4
Calculate (3 - -3) + 0 + (-3 - 3).
0
What is -5 - -1 - 0 - -3?
-1
Calculate (-335 - -341) + (-2 - (1 + -2)).
5
What is 5 + 0 + (-4 - -2) + -2?
1
What is -2 - -9 - 2 - (-40 + 39)?
6
Evaluate -8 + (2 - 1) + 7 + -4.
-4
What is the value of 0 + 9 + -6 + -4?
-1
2 - 4 - (-7 + 1)
4
What is (1 - -5) + -3 + 2?
5
-4 + 8 - (1 - -8)
-5
Evaluate (-2 - (-6 + 0)) + -4 + 1.
1
Evaluate 7 - 0 - (-76 + 86).
-3
-254 - -254 - (-1 + 1 + 6)
-6
What is the value of (0 - -5) + (-14 - -12)?
3
1 + (2 - 0) - (6 + -3)
0
Evaluate -1 + (7 - (-7 - -17)) + 1.
-3
(-6 - -1) + (0 - -6)
1
Evaluate 6 - 8 - (-2 + 2) - -4.
2
-10 + 6 + (-2 - -1)
-5
What is 11 - (-5 + 11) - 10?
-5
What is the value of 1 - (-4 + -1 - -3)?
3
-11 + (0 + -9 - -19)
-1
Calculate 3 + 0 - (-8 - (-7 - -1)).
5
What is 13 - (2 - -10) - (3 - 0)?
-2
-9 + -1 + (-4 - -5) + 4
-5
What is -26 + 25 + (3 - -3)?
5
Evaluate -3 + (2 - (-2 - -2)).
-1
4 - (-4 - 4 - -9)
3
(11 - (3 - -2)) + 5 - 6
5
Evaluate -5 + (-1 - -8) - 6.
-4
Calculate -4 + (-3 + (-2 - -1) - -3).
-5
What is the value of -3 - (7 - (4 + 4))?
-2
-5 + (4 - (18 + -8)) + 15
4
Calculate (-3 - (9 - 11)) + (5 - 0).
4
Calculate -39 - -27 - (-3 + -5).
-4
Evaluate -5 - (0 - -2) - -2.
-5
-39 - -48 - (7 - 2)
4
Calculate (0 + 0 - -5) + 1 + -5.
1
Evaluate (-29 - -12) + 13 + (1 - 3).
-6
What is the value of (-2 - -12) + (31 - 40)?
1
Calculate (4 - (1 + 1) - 4) + -1.
-3
Evaluate 2 + 0 - (-5 - (-10 - -7)).
4
What is 5 + (5 - -1) + -7 + 5?
9
Calculate (-2 - (-4 - -